1106
Convert 1324 (base 11) to base 7.
5005
What is 11003 (base 4) in base 9?
388
What is 10620 (base 10) in base 11?
7a85
What is -2765 (base 8) in base 14?
-7ad
What is 2432 (base 5) in base 15?
197
28b8 (base 15) to base 13
3c80
Convert 51413 (base 6) to base 14.
26d3
What is -23733 (base 8) in base 11?
-7736
Convert 1059 (base 10) to base 7.
3042
What is 1412 (base 16) in base 15?
17c8
What is 121200220 (base 3) in base 8?
27616
-14044 (base 5) to base 10
-1149
Convert 4442313 (base 5) to base 14.
20517
-2031 (base 9) to base 15
-691
Convert -775 (base 16) to base 6.
-12501
What is 1df (base 16) in base 10?
479
Convert 101010001011 (base 2) to base 11.
2034
What is 61a (base 12) in base 4?
31312
What is -11941 (base 13) in base 16?
-7e4c
Convert -231 (base 5) to base 3.
-2110
What is -6440 (base 7) in base 16?
-8ea
5667 (base 10) to base 16
1623
-17286 (base 10) to base 7
-101253
122134 (base 7) to base 15
6964
What is 10011001 (base 4) in base 6?
205201
What is -384 (base 11) in base 5?
-3310
Convert 105a5 (base 13) to base 10.
29541
What is 101001011011 (base 2) in base 3?
10122012
Convert 1f3 (base 16) to base 4.
13303
-2b87a (base 12) to base 13
-22132
What is 76030 (base 9) in base 4?
30102120
Convert -799 (base 14) to base 13.
-8bc
-75 (base 10) to base 2
-1001011
Convert 1bca (base 14) to base 7.
20543
110200 (base 4) to base 11
a93
-12819 (base 11) to base 13
-8430
731 (base 8) to base 15
218
What is bcaa (base 14) in base 6?
411154
What is 202012220 (base 3) in base 15?
4579
What is -166 (base 14) in base 2?
-100011110
-3306 (base 14) to base 12
-5136
-248 (base 16) to base 14
-2da
1002100 (base 3) to base 4
30120
25515 (base 10) to base 5
1304030
Convert -1221122 (base 3) to base 2.
-10110001101
What is -10d (base 16) in base 13?
-179
1029 (base 10) to base 12
719
What is 20212100 (base 3) in base 2?
1001110001100
Convert -1a12 (base 11) to base 14.
-d06
-23434 (base 5) to base 6
-12024
Convert 7936 (base 10) to base 9.
11787
Convert 212112221 (base 3) to base 5.
1022140
What is -22201 (base 4) in base 6?
-3041
Convert 337 (base 12) to base 9.
577
Convert 122210022 (base 3) to base 14.
4a24
What is 110130 (base 5) in base 13?
1957
1340 (base 9) to base 6
4400
What is -125032 (base 6) in base 4?
-2303030
-10000110000 (base 2) to base 7
-3061
2803 (base 9) to base 8
4075
What is -1980 (base 11) in base 16?
-9cc
24030 (base 5) to base 8
3345
What is 11351 (base 6) in base 3?
2021011
-10101201 (base 3) to base 6
-15244
-39123 (base 10) to base 13
-14a66
Convert -96e (base 16) to base 3.
-10022102
Convert 238 (base 13) to base 5.
3020
-1582 (base 12) to base 11
-1a05
Convert -7298 (base 10) to base 11.
-5535
What is -1041 (base 5) in base 3?
-12102
Convert 4776 (base 11) to base 10.
6254
What is 237 (base 16) in base 9?
700
10311313 (base 4) to base 15
5d21
What is 100111000 (base 2) in base 15?
15c
Convert 1220 (base 9) to base 14.
48d
What is 343 (base 5) in base 6?
242
2403 (base 5) to base 14
1b3
What is -3261 (base 10) in base 15?
-e76
Convert -100010 (base 4) to base 6.
-4432
256 (base 14) to base 9
570
-3536a (base 11) to base 16
-c749
Convert -500d (base 14) to base 12.
-7b45
What is -200200111 (base 3) in base 16?
-3535
Convert -101502 (base 6) to base 5.
-230144
Convert 2201021201 (base 3) to base 2.
1101000010110001
What is -554a (base 16) in base 15?
-6709
Convert 6cc0 (base 15) to base 11.
16418
Convert -14202 (base 12) to base 2.
-110110100100010
Convert -2a2b (base 15) to base 14.
-341b
212 (base 14) to base 7
1122
What is -5341 (base 6) in base 10?
-1213
211210 (base 3) to base 9
753
Convert 36a (base 12) to base 13.
307
What is -11230 (base 8) in base 12?
-2908
What is -15312 (base 6) in base 12?
-1538
What is c67 (base 16) in base 8?
6147
Convert -15412 (base 7) to base 15.
-1431
Convert -63c (base 15) to base 16.
-57f
Convert 28223 (base 10) to base 12.
143bb
24045 (base 10) to base 8
56755
Convert 1112111 (base 3) to base 12.
794
37220 (base 9) to base 10
24966
What is -2033000 (base 4) in base 6?
-110212
110 (base 9) to base 16
5a
What is 719a (base 11) in base 12?
5637
Convert -11a9 (base 16) to base 2.
-1000110101001
What is -10000000101000 (base 2) in base 6?
-102040
What is -33 (base 5) in base 15?
-13
What is 7177 (base 10) in base 16?
1c09
-c9c6 (base 15) to base 9
-64526
Convert 20143 (base 6) to base 16.
a5f
Convert -3031 (base 8) to base 13.
-931
-1656 (base 14) to base 2
-111110011100
Convert -12427 (base 8) to base 12.
-315b
What is 3220003 (base 4) in base 16?
3a03
807 (base 16) to base 13
c21
1034 (base 8) to base 4
20130
1124202 (base 5) to base 3
1001012012
Convert -107045 (base 9) to base 5.
-4023233
What is 4840 (base 9) in base 5?
103400
What is -16b (base 14) in base 5?
-2131
What is -2002 (base 5) in base 7?
-510
What is -1111101000001 (base 2) in base 6?
-101013
Convert -838 (base 10) to base 14.
-43c
28a (base 11) to base 13
202
What is -4a4 (base 11) in base 8?
-1126
What is 21044 (base 5) in base 10?
1399
What is 471 (base 8) in base 4?
10321
Convert 93a (base 12) to base 3.
1211201
716 (base 15) to base 8
3074
What is -123213 (base 5) in base 2?
-1001011001000
What is 2d55 (base 14) in base 5?
224421
Convert 503 (base 13) to base 2.
1101010000
Convert 1210134 (base 6) to base 7.
353212
Convert 5679 (base 10) to base 6.
42143
Convert -817 (base 13) to base 11.
-1038
Convert -7c0e (base 15) to base 14.
-9855
What is -24204 (base 8) in base 10?
-10372
Convert 3375a (base 12) to base 2.
10000101101110110
Convert -23311 (base 4) to base 12.
-531
193 (base 10) to base 15
cd
3411442 (base 5) to base 4
32231113
Convert 1935 (base 15) to base 5.
133300
3924 (base 16) to base 6
151420
-11121201 (base 3) to base 4
-310213
What is 20130 (base 7) in base 13?
22aa
22012202 (base 3) to base 10
5987
100010011010 (base 2) to base 6
14110
-269 (base 11) to base 14
-189
Convert 102220001 (base 3) to base 2.
10000111011100
What is -6070 (base 12) in base 14?
-3b48
Convert 22254 (base 6) to base 9.
4257
Convert 2328 (base 11) to base 5.
44210
1055 (base 8) to base 13
33b
-12221 (base 4) to base 15
-1d5
Convert 4340 (base 8) to base 4.
203200
What is 56b (base 12) in base 13?
49a
371a (base 15) to base 2
10110111001101
What is -2120202000 (base 3) in base 13?
-1a1ab
Convert -111000101101011 (base 2) to base 9.
-43741
Convert -1c87 (base 14) to base 3.
-21011011
Convert -1220000012 (base 3) to base 10.
-37184
1001000001101010 (base 2) to base 5
2140340
What is -2006 (base 8) in base 2?
-10000000110
12341 (base 5) to base 3
1022222
11310 (base 4) to base 9
453
200 (base 11) to base 8
362
What is -22033 (base 5) in base 14?
-7a6
Convert 120044 (base 5) to base 7.
15553
560 (base 13) to base 4
32123
What is 7a7 (base 14) in base 10?
1519
What is 768 (base 9) in base 8?
1165
Convert 1222 (base 3) to base 8.
65
177 (base 12) to base 8
353
What is -11110101 (base 2) in base 8?
-365
What is -17546 (base 9) in base 14?
-45b1
What is -33310 (base 4) in base 5?
-13022
145 (base 11) to base 5
1140
Convert 304 (base 11) to base 6.
1411
Convert 3e2 (base 15) to base 12.
61b
-253 (base 11) to base 13
-1a1
What is -1010010221 (base 3) in base 10?
-21976
133021 (base 4) to base 15
8cd
What is -15133 (base 10) in base 7?
-62056
Convert fad (base 16) to base 13.
1a99
What is 154515 (base 6) in base 8?
35717
What is 101111010110000 (base 2) in base 13?
b058
Convert -1000001000110110 (base 2) to base 11.
-23054
2211321 (base 4) to base 6
121053
Convert 271 (base 9) to base 3.
22101
What is -1b69 (base 14) in base 6?
-35041
What is 2403 (base 10) in base 12?
1483
-602 (base 15) to base 3
-1212002
What is 1a75 (base 12) in base 11?
24a1
What is -101011110000 (base 2) in base 5?
-42200
Convert 366 (base 14) to base 7.
1656
What is c56c (base 14) in base 10?
34004
-86a6 (base 14) to base 10
-23274
What is 15327 (base 13) in base 14?
10874
Convert 226 (base 15) to base 2.
111100110
What is 2302 (base 5) in base 8?
507
-b63 (base 13) to base 12
-1158
-13013302 (base 4) to base 12
-14a6a
Convert 1202201012 (base 3) to base 9.
52635
-142 (base 5) to base 10
-47
-271f (base 16) to base 2
-10011100011111
Convert 1120110120 (base 3) to base 6.
355153
2031 (base 6) to base 13
289
9a (base 15) to base 12
101
57962 (base 10) to base 8
16115